e highest common factor of z and 135.
27
Suppose -5*y + 79 = -236. Let l = y + -23. Calculate the highest common divisor of l and 110.
10
Suppose 3*r = -26*f + 21*f - 1106, -222 = f + r. Let v = -193 - f. What is the highest common factor of 432 and v?
27
Let o be ((-1064)/(-112))/((-7)/(-15946)). Calculate the greatest common factor of o and 19.
19
Let w be 6/63 + (-181224)/(-2268). What is the greatest common factor of w and 5360?
80
Let o(y) = 2*y + 13. Let p be o(-4). Suppose -5*g = p*h - 40, 2*h - 46 = -2*g + 6*h. Calculate the greatest common divisor of g and 104.
13
Let n = -25 - -20. Let t(i) = 8*i - 2*i + 2*i**2 + 10 - 2*i + 2*i. Let b be t(n). What is the highest common divisor of b and 6?
6
Suppose -5*t = -6*t + 63. Suppose 447*b - 486*b + 351 = 0. What is the highest common factor of t and b?
9
Suppose 4*q = -k + 19, -3*k + 5 = 5*q - 6*q. Let d(w) = 66 - 7*w - w**2 + q*w + 2*w. Let s be d(0). Calculate the highest common factor of 22 and s.
22
Suppose 5*a + 8 = -22. Let r be 1419/22*(-4)/a. What is the highest common divisor of 344 and r?
43
Let b(c) be the first derivative of -c**4/4 + 20*c**3/3 + 33*c - 74. Let p be b(20). What is the highest common factor of 132 and p?
33
Suppose -3*v - 47 + 4 = -2*u, -4*u + 58 = -2*v. What is the greatest common factor of 4774 and u?
11
Let n = -405 - -407. Suppose -16*g + 11*g = -3*f - 225, n*g = -5*f + 90. What is the highest common factor of 1 and g?
1
Let l be (2030/(-20))/(-29)*94. What is the highest common factor of 14 and l?
7
Let q(g) = 26*g - 1199. Let t be q(47). What is the highest common divisor of 69 and t?
23
Let i = -87 + 92. Suppose -i*k + 4*j + 246 = 0, k = -3*j - j + 30. Let m = -13 - -82. Calculate the greatest common divisor of k and m.
23
Let r be (-411)/(-12) - 15/12. Suppose -3*h + 49 = -0*h + a, -3*a = -3*h + r. What is the highest common divisor of 25 and h?
5
Let r(d) = 7308*d + 44053. Let z be r(-6). Let w(x) = -x**3 + 6*x**2 + 3*x + 1. Let p be w(5). What is the greatest common factor of p and z?
41
Let o be 10/(-7)*(-43 - 34). Let p(j) = -j**2 + 25*j - 81. Let h be p(19). Calculate the greatest common factor of h and o.
11
Let c(d) = 2*d - 8. Let g be c(2). Let w(v) = -31*v. Let t be w(g). Suppose x - t + 12 = 0. Calculate the highest common divisor of x and 14.
14
Let l be (14/(-8))/(6/(-48)). Suppose -l = q - 1. Let t be 2/q + (-1848)/(-182). What is the highest common divisor of t and 4?
2
Suppose 13*w - 121 = 9. Let i be 2156/w + ((-4)/10)/(-1). What is the greatest common divisor of i and 8?
8
Let h = 26 + -195. Let b = 176 + h. What is the greatest common divisor of 7 and b?
7
Let v = 7365 - 6834. Calculate the greatest common divisor of 6 and v.
3
Let m(g) = 25*g**2 - 4*g + 7. Let o be m(3). Suppose -4*r - 2100 = -9*r. Let u = r - o. What is the highest common factor of 20 and u?
20
Let c be 0/(-4 - (-3)/1). Suppose c = 5*p + v - 15, 3*v - 33 = -4*p - 10. Let d be (p + 0)/2 - -107. Calculate the highest common divisor of 27 and d.
27
Let y(v) = v**3 - 14*v**2 + 12*v + 19. Let g be y(13). Let q be g/(-15) + 81/15. Suppose -q*u + 1167 = 342. What is the highest common divisor of u and 15?
15
Suppose -5*j - 972 = -3*k, 2*k - 56 = -4*j + 592. Calculate the highest common factor of 1053 and k.
81
Let o(h) = 26*h**2 - 3*h + 4. Let m be o(-3). Let r = 262255 - 262217. What is the greatest common factor of m and r?
19
Let f be (268/10)/((-23)/115). Let a = f - -771. What is the highest common divisor of 13 and a?
13
Let p = 5484 - 4141. What is the highest common factor of p and 158?
79
Let h be 5/((-6*(-6)/(-300))/(3/(-5))). What is the greatest common factor of h and 420?
5
Let s = 70 + 327. Let u = -306 + s. What is the greatest common factor of u and 13?
13
Let q = 5 - -1. Let m be (q + -3)*(-4)/(-3). Suppose -3*r + 5*r = 2*g, -m*g + 6 = -r. Calculate the highest common factor of 32 and g.
2
Let j be (-35)/10 + -6 + 52940/8. What is the highest common factor of 1008 and j?
112
Suppose -2*q - 283 = -287, 0 = -2*l - 4*q + 156. What is the greatest common factor of l and 3182?
74
Suppose 4*f - 387 + 47 = -4*b, f - 3*b = 73. Let x be 1/((-4 - -5)/2). Suppose f = 4*p + x. What is the greatest common divisor of 4 and p?
4
Suppose 258*q + 1870 = 368*q. Calculate the highest common divisor of q and 12733.
17
Let p(u) = -21*u - 3. Let j be p(-4). Suppose 5 - 5 = -50*o. Suppose k - 5*b - 42 + 13 = 0, o = -3*b - 12. Calculate the highest common factor of j and k.
9
Let i(a) = -a**3 + 12*a**2 - 26*a + 1. Let p be -4 + -1 + -5 + 19. Let k be i(p). What is the highest common factor of k and 25?
5
Let j = 137 + -127. Let h(c) = 2*c**2 + 15*c + 10. Let v be h(-7). Calculate the greatest common divisor of j and v.
1
Let f(r) = 941*r**2 - 15*r + 39. Let t be f(3). Calculate the highest common factor of t and 279.
93
Suppose -73*n = -77*n + 5*d + 13350, -d - 9996 = -3*n. Calculate the greatest common divisor of 925 and n.
185
Let y be ((-65)/(-2))/((15/6)/5). Let a(g) = g**3 + 10*g**2 + 13*g + 2. Let o be a(-8). Calculate the highest common factor of y and o.
13
Let p = -189 - -322. Let h(z) = 35*z + 630. Let s be h(-17). Calculate the greatest common factor of s and p.
7
Suppose 32*w = 21*w + 63*w - 76024. Calculate the greatest common divisor of w and 102.
34
Let z be 82 + (-3 - -5)/((-2)/4). Let g = -78 + z. Suppose 6*y - 3*y - 3*q - 246 = g, y - 70 = -5*q. What is the greatest common divisor of 20 and y?
20
Suppose -5*t - 43 + 253 = 0. Suppose 0 = 3*k + 19*k - 21120. Suppose 39*l = 132 + k. What is the greatest common divisor of t and l?
14
Suppose -63960 = 82*l - 394*l. Calculate the greatest common factor of 656 and l.
41
Suppose -1609 = 11*a - 5074. Suppose 38*j - 29*j = a. Calculate the highest common divisor of 5 and j.
5
Suppose 35*b - 149 - 831 = 0. Calculate the greatest common factor of b and 3388.
28
Let p = 1583 - 1325. Calculate the highest common divisor of 12 and p.
6
Let s = -367 + 370. Suppose -s*w - 13 = -2*z, w = -z - 0*w + 9. Calculate the highest common factor of 424 and z.
8
Let h(u) = -u**3 + 19*u**2 + 32*u + 24. Let d be h(20). Calculate the greatest common factor of d and 1496.
88
Let r be -1 + 24 + 10 + 121. What is the greatest common factor of r and 1862?
14
Let s be (-40)/(-14)*11340/1350. What is the highest common divisor of s and 1164?
12
Let f(i) = i**3 - 21*i**2 + 45*i - 99. Let b be f(19). Let v = 1203 - 829. Calculate the highest common divisor of v and b.
34
Let w = -43 + 47. Suppose 964 = -g + w*t, 5*t + 6 = 2*t. Let p be g/(-28) - 4/(-14). Calculate the highest common divisor of 105 and p.
35
Let v = -25512 - -25528. Calculate the highest common divisor of v and 48992.
16
Let y(q) = 79*q**3 - 2*q**2 + 2*q - 1. Let x be y(1). Let s = -12 + x. Calculate the highest common factor of s and 165.
33
Let p(r) be the third derivative of r**5/60 + 23*r**4/24 + 14*r**3 - r**2. Let f be p(-19). What is the greatest common factor of f and 88?
8
Let o = 10150 + -5330. What is the highest common factor of 60 and o?
20
Let g be 585*(18/10)/((-36)/(-24)). Calculate the greatest common factor of 130 and g.
26
Suppose 55 = 6*b + 1. Let c be 72/(b/3) + 1 + -5. What is the greatest common factor of c and 260?
20
Let w(s) = -71*s + 1356. Let q be w(19). What is the highest common divisor of 3269 and q?
7
Let v(p) = -375*p + 4998. Let a be v(10). Calculate the highest common divisor of 48 and a.
48
Let n = 203597 - 134637. Calculate the highest common divisor of n and 160.
160
Suppose -140 = -60*v + 53*v. Suppose -v*x - 4995 = -35*x. What is the greatest common divisor of x and 9?
9
Suppose 3*c - 3*r = 951, -33*r + 32*r - 2231 = -7*c. Calculate the greatest common factor of 352 and c.
11
Suppose 675 = 5*u - 3*s, 0*u + 3*u + s = 419. Suppose 142*v - 68 = u*v. What is the greatest common divisor of 34 and v?
17
Let v(t) = -t**3 - 15*t**2 - 35*t + 41. Let a be v(-12). What is the greatest common divisor of 1247 and a?
29
Let b(h) = h**3 + h**2 - 27*h + 12. Let i be b(0). What is the greatest common divisor of 258 and i?
6
Let m(n) = 5*n**2 + 12*n - 9. Let p(j) = -11*j**2 - 25*j + 17. Let k(b) = 5*m(b) + 2*p(b). Let c be k(-5). Calculate the greatest common divisor of 98 and c.
14
Suppose 0 = 20*b - 92*b + 13464. What is the greatest common divisor of 671 and 